ded by 39?
38
What is the remainder when 315 is divided by 16?
11
What is the remainder when 1783 is divided by 58?
43
What is the remainder when 1077 is divided by 30?
27
Calculate the remainder when 46 is divided by 18.
10
What is the remainder when 396 is divided by 16?
12
Calculate the remainder when 25 is divided by 13.
12
Calculate the remainder when 1098 is divided by 38.
34
Calculate the remainder when 553 is divided by 171.
40
Calculate the remainder when 378 is divided by 18.
0
What is the remainder when 132 is divided by 7?
6
What is the remainder when 1518 is divided by 28?
6
What is the remainder when 784 is divided by 155?
9
Calculate the remainder when 78 is divided by 26.
0
Calculate the remainder when 690 is divided by 33.
30
What is the remainder when 53 is divided by 35?
18
Calculate the remainder when 680 is divided by 229.
222
Calculate the remainder when 54 is divided by 15.
9
What is the remainder when 311 is divided by 100?
11
Calculate the remainder when 156 is divided by 26.
0
What is the remainder when 660 is divided by 179?
123
What is the remainder when 780 is divided by 382?
16
Calculate the remainder when 68 is divided by 4.
0
What is the remainder when 378 is divided by 138?
102
What is the remainder when 36526 is divided by 451?
446
What is the remainder when 203 is divided by 2?
1
What is the remainder when 209 is divided by 27?
20
Calculate the remainder when 479 is divided by 22.
17
What is the remainder when 1680 is divided by 99?
96
Calculate the remainder when 5958 is divided by 101.
100
What is the remainder when 113 is divided by 23?
21
Calculate the remainder when 1153 is divided by 576.
1
Calculate the remainder when 13 is divided by 7.
6
Calculate the remainder when 570 is divided by 96.
90
What is the remainder when 1040 is divided by 340?
20
What is the remainder when 94 is divided by 89?
5
Calculate the remainder when 971 is divided by 65.
61
What is the remainder when 522 is divided by 107?
94
What is the remainder when 36 is divided by 2?
0
What is the remainder when 150 is divided by 81?
69
Calculate the remainder when 683 is divided by 76.
75
Calculate the remainder when 115 is divided by 39.
37
What is the remainder when 170 is divided by 97?
73
Calculate the remainder when 486 is divided by 82.
76
Calculate the remainder when 172 is divided by 71.
30
What is the remainder when 586 is divided by 10?
6
Calculate the remainder when 619 is divided by 9.
7
What is the remainder when 487 is divided by 99?
91
Calculate the remainder when 18605 is divided by 21.
20
What is the remainder when 328 is divided by 7?
6
What is the remainder when 339 is divided by 117?
105
Calculate the remainder when 1217 is divided by 26.
21
Calculate the remainder when 1255 is divided by 72.
31
Calculate the remainder when 545 is divided by 138.
131
Calculate the remainder when 665 is divided by 275.
115
What is the remainder when 13 is divided by 5?
3
Calculate the remainder when 158 is divided by 21.
11
What is the remainder when 3355 is divided by 24?
19
What is the remainder when 272 is divided by 98?
76
What is the remainder when 66 is divided by 53?
13
Calculate the remainder when 182 is divided by 27.
20
Calculate the remainder when 766 is divided by 207.
145
Calculate the remainder when 2374 is divided by 11.
9
Calculate the remainder when 935 is divided by 13.
12
Calculate the remainder when 152 is divided by 43.
23
What is the remainder when 5159 is divided by 429?
11
What is the remainder when 4398 is divided by 29?
19
What is the remainder when 511 is divided by 32?
31
What is the remainder when 791 is divided by 4?
3
What is the remainder when 1775 is divided by 427?
67
Calculate the remainder when 74 is divided by 15.
14
What is the remainder when 525 is divided by 114?
69
What is the remainder when 3357 is divided by 6?
3
Calculate the remainder when 71 is divided by 4.
3
What is the remainder when 1036 is divided by 65?
61
What is the remainder when 263 is divided by 84?
11
Calculate the remainder when 497 is divided by 35.
7
Calculate the remainder when 178 is divided by 28.
10
What is the remainder when 1233 is divided by 130?
63
What is the remainder when 305 is divided by 6?
5
What is the remainder when 613 is divided by 274?
65
Calculate the remainder when 573 is divided by 24.
21
Calculate the remainder when 147 is divided by 51.
45
What is the remainder when 12675 is divided by 2533?
10
What is the remainder when 3599 is divided by 106?
101
Calculate the remainder when 96 is divided by 16.
0
Calculate the remainder when 2433 is divided by 42.
39
Calculate the remainder when 1122 is divided by 1115.
7
What is the remainder when 86 is divided by 22?
20
Calculate the remainder when 5253 is divided by 72.
69
What is the remainder when 1361 is divided by 228?
221
Calculate the remainder when 167 is divided by 13.
11
Calculate the remainder when 5358 is divided by 8.
6
Calculate the remainder when 86 is divided by 59.
27
What is the remainder when 1969 is divided by 41?
1
What is the remainder when 415 is divided by 20?
15
What is the remainder when 388 is divided by 26?
24
Calculate the remainder when 634 is divided by 58.
54
Calculate the remainder when 108 is divided by 50.
8
Calculate the remainder when 1556 is divided by 40.
36
Calculate the remainder when 36 is divided by 27.
9
Calculate the remainder when 8843 is divided by 201.
200
Calculate the remainder when 172 is divided by 25.
22
What is the remainder when 581 is divided by 570?
11
Calculate the remainder when 623 is divided by 120.
23
Calculate the remainder when 1096 is divided by 123.
112
Calculate the remainder when 163 is divided by 13.
7
Calculate the remainder when 402 is divided by 48.
18
What is the remainder when 51 is divided by 35?
16
What is the remainder when 422 is divided by 18?
8
Calculate the remainder when 5614 is divided by 9.
7
Calculate the remainder when 1484 is divided by 183.
20
Calculate the remainder when 569 is divided by 43.
10
What is the remainder when 1313 is divided by 47?
44
What is the remainder when 53 is divided by 34?
19
Calculate the remainder when 7998 is divided by 18.
6
What is the remainder when 596 is divided by 99?
2
What is the remainder when 934 is divided by 13?
11
Calculate the remainder when 558 is divided by 48.
30
Calculate the remainder when 3558 is divided by 20.
18
Calculate the remainder when 328 is divided by 14.
6
Calculate the remainder when 142 is divided by 11.
10
What is the remainder when 4941 is divided by 206?
203
Calculate the remainder when 397 is divided by 50.
47
What is the remainder when 198 is divided by 29?
24
Calculate the remainder when 1034 is divided by 61.
58
Calculate the remainder when 147 is divided by 30.
27
Calculate the remainder when 822 is divided by 19.
5
What is the remainder when 19565 is divided by 233?
226
Calculate the remainder when 406 is divided by 68.
66
Calculate the remainder when 217 is divided by 192.
25
What is the remainder when 179 is divided by 14?
11
Calculate the remainder when 74 is divided by 40.
34
What is the remainder when 525 is divided by 17?
15
Calculate the remainder when 1474 is divided by 25.
24
What is the remainder when 6383 is divided by 8?
7
What is the remainder when 1537 is divided by 35?
32
Calculate the remainder when 430 is divided by 83.
15
What is the remainder when 133 is divided by 34?
31
What is the remainder when 1536 is divided by 23?
18
What is the remainder when 274 is divided by 85?
19
Calculate the remainder when 468 is divided by 74.
24
Calculate the remainder when 4212 is divided by 15.
12
What is the remainder when 99 is divided by 21?
15
Calculate the remainder when 151 is divided by 40.
31
Calculate the remainder when 26376 is divided by 121.
119
What is the remainder when 541 is divided by 30?
1
What is the remainder when 75 is divided by 13?
10
What is the remainder when 75 is divided by 28?
19
What is the remainder when 354 is divided by 62?
44
Calculate the remainder when 1155 is divided by 8.
3
What is the remainder when 1125 is divided by 12?
9
Calculate the remainder when 687 is divided by 243.
201
Calculate the remainder when 100 is divided by 23.
8
What is the remainder when 114 is divi